3 divide 6074312?
True
Is 4356 a factor of 1043004996?
True
Is 14 a factor of 30867312?
True
Is 149493920 a multiple of 32?
True
Is 419 a factor of 59011541?
True
Is 59593984 a multiple of 2168?
True
Does 168 divide 1483944?
True
Does 211 divide 223586783?
True
Does 15 divide 72960690?
True
Is 97711020 a multiple of 1980?
True
Is 3062290472 a multiple of 5014?
True
Is 5 a factor of 7233705?
True
Is 5 a factor of 22320222?
False
Does 414 divide 1693501?
False
Is 405 a factor of 4903335?
True
Is 14 a factor of 13336610?
True
Does 1158 divide 3429875568?
True
Does 8 divide 161013184?
True
Is 882174764 a multiple of 62?
False
Is 34726723 a multiple of 2?
False
Is 17 a factor of 191890407?
True
Is 69112344 a multiple of 68?
True
Is 68219086 a multiple of 179?
False
Is 15490162 a multiple of 8?
False
Is 467590577 a multiple of 3553?
False
Is 53 a factor of 2088029?
False
Does 22 divide 662816235?
False
Is 7580 a factor of 273979100?
True
Is 193296789 a multiple of 436?
False
Is 155 a factor of 1716695347?
False
Does 41 divide 185964962?
False
Is 16 a factor of 526344733?
False
Is 9828221 a multiple of 102?
False
Is 212 a factor of 136370936?
False
Is 1104740719 a multiple of 423?
False
Does 1835 divide 72682515?
True
Does 46 divide 202110298?
False
Is 351 a factor of 849873141?
True
Does 10 divide 957955020?
True
Is 869 a factor of 213622794?
True
Does 30 divide 95530675?
False
Is 88 a factor of 1104718544?
False
Does 1683 divide 225548928?
True
Is 1911754252 a multiple of 38?
False
Is 250684704 a multiple of 16?
True
Is 4 a factor of 140008283?
False
Is 6669182 a multiple of 13?
True
Is 66 a factor of 41641566?
False
Does 54 divide 78678?
True
Does 36 divide 97659128?
False
Is 68343631 a multiple of 455?
False
Is 294 a factor of 53579442?
True
Is 10 a factor of 4200162260?
True
Does 4629 divide 234639381?
True
Is 151419240 a multiple of 315?
True
Is 6 a factor of 24103322?
False
Does 1634 divide 20604740?
True
Does 915 divide 142168125?
True
Is 371 a factor of 916372049?
False
Is 6889236536 a multiple of 3834?
False
Is 46 a factor of 52730024?
False
Is 1905 a factor of 734767414?
False
Is 21896329 a multiple of 497?
True
Is 484 a factor of 100898464?
False
Is 396683296 a multiple of 800?
False
Does 37 divide 68623148?
False
Is 1129463942 a multiple of 223?
False
Does 154 divide 15930222?
True
Is 118883800 a multiple of 8?
True
Is 62757117 a multiple of 451?
False
Does 26 divide 27854472?
False
Does 417 divide 3017736195?
False
Is 31181903 a multiple of 846?
False
Is 257284648 a multiple of 42?
False
Is 175 a factor of 1873550?
True
Is 75810793 a multiple of 13?
False
Does 76 divide 39842392?
True
Does 187 divide 315701912?
False
Is 20 a factor of 510320?
True
Does 92 divide 5946144?
True
Is 2275 a factor of 166104575?
True
Is 54004139 a multiple of 31?
True
Is 4325463000 a multiple of 200?
True
Does 2046 divide 240847796?
False
Is 361627622 a multiple of 58?
True
Is 1912519 a multiple of 139?
False
Is 11 a factor of 73690071?
False
Does 2 divide 305782111?
False
Does 113 divide 15502035?
False
Is 35881758 a multiple of 957?
True
Is 478 a factor of 6159264?
False
Is 50041500 a multiple of 1095?
True
Is 77240270 a multiple of 470?
True
Is 640693258 a multiple of 15?
False
Is 443697366 a multiple of 13?
False
Is 4934 a factor of 256351827?
False
Does 109 divide 32240482?
False
Does 25 divide 3229575?
True
Is 2275555744 a multiple of 44?
True
Is 1114831209 a multiple of 173?
False
Is 221958955 a multiple of 1303?
False
Is 101701162 a multiple of 11?
False
Is 171966219 a multiple of 9?
False
Does 1243 divide 38683321?
False
Does 37 divide 268885845?
True
Is 146998966 a multiple of 65?
False
Is 194562949 a multiple of 7?
True
Is 31250860 a multiple of 977?
False
Is 20514600 a multiple of 225?
True
Does 1106 divide 17136364?
True
Is 46851812 a multiple of 40?
False
Is 2116 a factor of 688335042?
False
Is 115753750 a multiple of 5?
True
Is 40 a factor of 392872123?
False
Does 149 divide 17477700?
True
Does 24 divide 246668256?
True
Does 120 divide 1316880?
True
Is 16344000 a multiple of 120?
True
Is 144755346 a multiple of 932?
False
Does 12 divide 101667384?
True
Does 11 divide 74023156?
False
Does 134 divide 106110161?
False
Is 57121344 a multiple of 21?
True
Does 97 divide 742884916?
False
Is 1733 a factor of 1261126629?
True
Is 40036429 a multiple of 2?
False
Is 243262436 a multiple of 4315?
False
Is 2143 a factor of 199729743?
True
Does 12 divide 1710826521?
False
Does 4 divide 909209828?
True
Is 14 a factor of 600140631?
False
Is 1261255306 a multiple of 10?
False
Is 2139 a factor of 67310052?
True
Is 4513940 a multiple of 40?
False
Is 9976362 a multiple of 237?
False
Does 7 divide 105447953?
False
Is 161888401 a multiple of 71?
False
Is 76388348 a multiple of 2?
True
Is 223410788 a multiple of 97?
True
Is 69036850 a multiple of 6?
False
Does 90 divide 78982300?
False
Does 21 divide 14570312?
False
Is 68 a factor of 139616242?
False
Is 630 a factor of 33052052?
False
Is 1896265675 a multiple of 2646?
False
Is 28 a factor of 12054392?
True
Is 83 a factor of 30545096?
False
Does 1414 divide 66957786?
False
Does 11 divide 11477169?
True
Is 211 a factor of 31648101?
True
Is 22 a factor of 27782321?
False
Is 1294 a factor of 1127912216?
False
Does 380 divide 474767617?
False
Does 133 divide 4546319?
False
Is 40 a factor of 32406963?
False
Is 50 a factor of 196557115?
False
Is 444623971 a multiple of 1196?
False
Is 8627596 a multiple of 75?
False
Does 26 divide 52738511?
False
Does 355 divide 21604945?
True
Is 313 a factor of 70271208?
False
Does 24 divide 25521476?
False
Is 1016 a factor of 1512810792?
True
Does 32 divide 1994239136?
True
Is 15 a factor of 13656829?
False
Is 371 a factor of 5736402?
True
Does 37 divide 10816802?
True
Is 11226526 a multiple of 62?
True
Is 421041853 a multiple of 10?
False
Is 8196067 even?
False
Is 52 a factor of 175018532?
True
Does 727 divide 119094113?
False
Is 33 a factor of 241819050?
True
Is 3029 a factor of 114008531?
True
Is 15 a factor of 47280420?
True
Is 8 a factor of 24521528?
True
Does 2 divide 344846894?
True
Is 33194555 a multiple of 1180?
False
Does 16 divide 8397792?
True
Is 2727095830 a multiple of 97?
True
Is 155441935 a multiple of 38?
False
Does 1158 divide 730134054?
True
Is 22 a factor of 508598200?
True
Does 22 divide 11425722?
True
Is 29 a factor of 387029226?
False
Does 40 divide 25592945?
False
Is 10 a factor of 86427718?
False
Is 14417948 a multiple of 59?
True
Is 125 a factor of 136650405?
False
Does 90 divide 1908181440?
True
Is 2482755980 a multiple of 4348?
False
Is 67 a factor of 13611318?
True
Does 142 divide 23715974?
False
Does 56 divide 9543632?
True
Does 16 divide 131455744?
True
Is 52 a factor of 1683409936?
True
Does 4 divide 20491880?
True
Does 29 divide 6637417838?
False
Is 34564425 a multiple of 21?
True
Is 8 a factor of 124136312?
True
Is 835719615 a multiple of 7?
False
Is 7714786 a multiple of 146?
True
Is 85197987 a multiple of 21?
True
Does 181 divide 142182531?
False
Does 355 divide 397615975?
True
Is 171 a factor of 74987222?
False
Is 101033341 a multiple of 12?
False
Does 159 divide 7280610?
True
Is 103 a factor of 413150819?
True
Is 21441461 a multiple of 2014?
False
Does 2127 divide 574938735?
True
Is 132 a factor of 3043788?
True
Is 3 a factor of 49314369?
True
Is 7893740 a multiple of 62?
False
Is 278922240 a multiple of 2880?
True
Is 99596 a multiple of 9?
False
Is 14 a factor of 117578366?
False
Is 52769832 a multiple of 7?
False
Is 392155014 a multiple of 211?
False
Is 655 a factor of 47086640?
True
Does 30 divide 1943831340?
True
Does 620 divide 22293257?
False
Does 636 divide 131342268?
True
Does 796 divide 56628236?
True
Is 950 a factor of 2433906650?
True
Is 1589 a factor of 809252276?
True
Is 1962 a factor of 423693544?
False
Is 2553 a factor of 64087959?
True
Is 120437717 a multiple of 23?
False
Is 71477656 a multiple of 68?
True
Is 210 a factor of 321901230?
True
Is 12 a factor of 352349333?
False
Does 13 divide 57542277?
True
Is 186418590 a multiple of 15?
True
Does 534 divide 25453644?
True
Is 51991942 a multiple of 214?
True
Is 550721988 a multiple of 18?
True
Is 20 a factor of 95209475?
False
Is 15 a factor of 798570390?
True
Does 19 divide 112794759?